, 528629
List the prime factors of 7108270662.
2, 3, 269, 4404133
List the prime factors of 2925896724.
2, 3, 17, 4780877
List the prime factors of 779205205.
5, 29, 41, 53, 2473
What are the prime factors of 460273064?
2, 57534133
List the prime factors of 625517588.
2, 29, 5392393
List the prime factors of 2067449744.
2, 129215609
What are the prime factors of 544373403?
3, 7, 25922543
What are the prime factors of 49892372?
2, 12473093
List the prime factors of 16527070.
2, 5, 7, 179, 1319
List the prime factors of 335591921.
7, 79, 606857
List the prime factors of 720798573.
3, 11, 19, 41, 2549
List the prime factors of 288420784.
2, 79, 228181
List the prime factors of 391993152.
2, 3, 2041631
What are the prime factors of 24399585?
3, 5, 7, 29, 2671
What are the prime factors of 67247781?
3, 29, 772963
What are the prime factors of 599986567?
3347, 179261
List the prime factors of 25201410.
2, 3, 5, 13, 19, 179
What are the prime factors of 113755522?
2, 56877761
What are the prime factors of 409220247?
3, 29, 4703681
List the prime factors of 384592671.
3, 14244173
List the prime factors of 81510859.
81510859
List the prime factors of 383808802.
2, 13, 149, 7621
What are the prime factors of 1489441029?
3, 496480343
What are the prime factors of 538379422?
2, 7, 1483, 25931
List the prime factors of 93290015.
5, 7, 13, 205033
What are the prime factors of 463094450?
2, 5, 7, 13, 17, 5987
List the prime factors of 3044552730.
2, 3, 5, 101485091
List the prime factors of 1266068907.
3, 409, 114649
What are the prime factors of 41726245?
5, 11, 17, 4057
List the prime factors of 20481159.
3, 6827053
What are the prime factors of 834391090?
2, 5, 13, 97, 66169
List the prime factors of 5722762628.
2, 11, 191, 733, 929
List the prime factors of 883755482.
2, 441877741
What are the prime factors of 584610302?
2, 292305151
List the prime factors of 44334136.
2, 7, 11, 71971
What are the prime factors of 17931828?
2, 3, 37, 40387
What are the prime factors of 2247232155?
3, 5, 7, 149, 239, 601
List the prime factors of 545720403.
3, 1117, 162853
List the prime factors of 122371778.
2, 61185889
What are the prime factors of 6504509661?
3, 13, 166782299
List the prime factors of 2498325236.
2, 11, 17, 53, 337
List the prime factors of 163276878.
2, 3, 1091, 24943
List the prime factors of 1183001014.
2, 13, 269231
List the prime factors of 31851760.
2, 5, 61, 107
What are the prime factors of 1332581538?
2, 3, 97, 2289659
List the prime factors of 136414335.
3, 5, 9094289
What are the prime factors of 47022038?
2, 7, 577, 5821
List the prime factors of 1237673958.
2, 3, 2393, 86201
List the prime factors of 2344775460.
2, 3, 5, 39079591
List the prime factors of 477327276.
2, 3, 1277, 3461
List the prime factors of 693833541.
3, 231277847
List the prime factors of 2352806434.
2, 11, 311, 347, 991
List the prime factors of 5119992821.
5119992821
List the prime factors of 790579471.
11, 71870861
What are the prime factors of 110864653?
151, 734203
List the prime factors of 89767517.
7, 191, 67141
What are the prime factors of 43594393?
181, 240853
List the prime factors of 10607826.
2, 3, 37, 71, 673
What are the prime factors of 132944447?
71, 887, 2111
List the prime factors of 94977615.
3, 5, 191, 33151
List the prime factors of 136679892.
2, 3, 23, 211, 2347
List the prime factors of 407678501.
73, 307, 18191
What are the prime factors of 360834413?
1231, 293123
List the prime factors of 157037491.
13, 23, 525209
What are the prime factors of 520816141?
520816141
List the prime factors of 86919802.
2, 1051, 41351
What are the prime factors of 6424737674?
2, 83, 38703239
What are the prime factors of 3833589314?
2, 37, 3919, 13219
What are the prime factors of 562535586?
2, 3, 281, 111217
List the prime factors of 12465547.
53, 235199
List the prime factors of 46381056.
2, 3, 7549
What are the prime factors of 8884284161?
317, 1049, 26717
What are the prime factors of 53352059?
653, 81703
List the prime factors of 4094685808.
2, 37, 1721, 4019
List the prime factors of 67276905.
3, 5, 17, 193, 1367
List the prime factors of 724145321.
41, 17662081
List the prime factors of 682318389.
3, 157, 1448659
List the prime factors of 25893809.
1019, 25411
What are the prime factors of 50945176?
2, 97, 65651
What are the prime factors of 51705971?
199, 259829
List the prime factors of 196486659.
3, 21831851
List the prime factors of 1664149058.
2, 11, 13, 528973
List the prime factors of 3096792342.
2, 3, 7, 24577717
List the prime factors of 1900174811.
1900174811
What are the prime factors of 65251639?
53, 61, 20183
What are the prime factors of 182105857?
182105857
What are the prime factors of 1924580194?
2, 1151, 836047
List the prime factors of 3274674060.
2, 3, 5, 7, 7796843
What are the prime factors of 32654915?
5, 811, 8053
List the prime factors of 567389026.
2, 181, 1567373
List the prime factors of 108620828.
2, 587, 46261
List the prime factors of 3232788897.
3, 13, 23, 359, 10039
What are the prime factors of 2084667921?
3, 7, 53, 69371
What are the prime factors of 3777378764?
2, 8011, 117881
What are the prime factors of 36471256?
2, 17, 268171
What are the prime factors of 1175158142?
2, 21187, 27733
List the prime factors of 1341875767.
1341875767
List the prime factors of 246455245.
5, 49291049
List the prime factors of 37864027.
37864027
List the prime factors of 6077563796.
2, 47, 2683, 12049
List the prime factors of 765200517.
3, 255066839
What are the prime factors of 148809413?
148809413
What are the prime factors of 146754867?
3, 7, 41, 170447
List the prime factors of 136981664.
2, 1213, 3529
What are the prime factors of 34172568?
2, 3, 474619
What are the prime factors of 30883760?
2, 5, 386047
List the prime factors of 171407596.
2, 42851899
List the prime factors of 16475607.
3, 1830623
List the prime factors of 249696806.
2, 41, 47, 67, 967
What are the prime factors of 1358509940?
2, 5, 67925497
What are the prime factors of 1133173509?
3, 13, 19, 1529249
List the prime factors of 9059433.
3, 3019811
List the prime factors of 890283199.
13, 6011, 11393
What are the prime factors of 206245148?
2, 61, 73, 11579
List the prime factors of 2480099369.
11, 20496689
List the prime factors of 88254212.
2, 22063553
List the prime factors of 2478993171.
3, 826331057
List the prime factors of 1981780636.
2, 11, 19, 2370551
List the prime factors of 82010787.
3, 227, 120427
List the prime factors of 1217530.
2, 5, 109, 1117
List the prime factors of 3935906242.
2, 47, 79, 530017
What are the prime factors of 7249700118?
2, 3, 223, 1277, 4243
What are the prime factors of 1685093673?
3, 107, 5249513
What are the prime factors of 5095167459?
3, 139, 12218627
What are the prime factors of 133038201?
3, 1213, 36559
What are the prime factors of 5565931980?
2, 3, 5, 7, 13252219
What are the prime factors of 109062757?
23, 4741859
What are the prime factors of 69186649?
7, 227, 43541
List the prime factors of 186742606.
2, 107, 151, 5779
What are the prime factors of 3968531584?
2, 31004153
What are the prime factors of 29724035?
5, 11, 540437
What are the prime factors of 1232977160?
2, 5, 53, 739, 787
List the prime factors of 1013109978.
2, 3, 168851663
List the prime factors of 1523869793.
3847, 396119
What are the prime factors of 770183056?
2, 401, 120041
What are the prime factors of 916922206?
2, 458461103
What are the prime factors of 34930198?
2, 4027, 4337
List the prime factors of 290150142.
2, 3, 31, 167, 9341
List the prime factors of 124292250.
2, 3, 5, 37, 1493
List the prime factors of 31358669.
53, 591673
List the prime factors of 77806296.
2, 3, 67, 127
What are the prime factors of 56916056?
2, 73, 97459
List the prime factors of 35685558.
2, 3, 23, 86197
List the prime factors of 1467459198.
2, 3, 81525511
List the prime factors of 1513846982.
2, 23, 32909717
List the prime factors of 688902470.
2, 5, 68890247
List the prime factors of 136744744.
2, 29, 647, 911
What are the prime factors of 149744759?
2099, 71341
What are the prime factors of 68431939?
19, 3601681
List the prime factors of 5617998.
2, 3, 34679
What are the prime factors of 3245899?
37, 2371
What are the prime factors of 107896193?
19, 1601, 3547
